
Let j(d) = -6*d + 4. Let s be j(1). Let a be s - (7109 + 4)/(-3). Let l = a - -1074. Is l a composite number?
True
Suppose 362*b = 360*b, -q - b + 4*b + 147761 = 0. Is q a composite number?
False
Suppose 5026 = 10*k - 9634. Let c = 519 + k. Is c composite?
True
Let w be (-255753)/(-5) - ((-22)/55 + 0). Suppose -7*k + w = -2*k + f, -5*f = 20. Is k a prime number?
False
Let w = 692 + 1189. Suppose b - w - 274 = 0. Is b composite?
True
Let y be ((-1)/(-2))/((-7)/(-42)). Suppose y*c = -10*c + 46436. Let p = c - -69. Is p prime?
False
Let h(d) = 3*d**2 - 4*d - 2. Let i be h(-7). Let c = -9 + i. Suppose 5*o + c - 589 = 0. Is o prime?
False
Suppose -6*u = -16 - 86. Suppose 18*a - 2533 = u*a. Is a prime?
False
Suppose -4*o - 91 + 131 = 0. Let j be -4*o/(-6)*108/(-40). Is 2/j + (-266040)/(-324) a composite number?
False
Let l(h) = -362*h**3 + 3*h**2 - 9*h + 15. Is l(-7) prime?
False
Suppose 26*x - 5*x = 2322212 + 2255221. Is x prime?
False
Suppose 4*x - 5*u - 1817769 = 0, -4*x - 10*u + 13*u = -1817783. Is x composite?
False
Suppose 3301 + 3326 = -3*n. Let f = n - -6536. Is f a composite number?
False
Let l(k) = -6*k + 23. Let u be l(-6). Suppose -10*r = -26629 + u. Suppose 3*v + 9*y = 12*y + 7995, 0 = -v + 3*y + r. Is v a composite number?
True
Suppose -4*n + 5*n = -17. Let k = -13 - n. Let j(a) = 19*a**2 + 6*a - 9. Is j(k) a composite number?
True
Let f = -817 + -195. Suppose -4*r + 24 = 6848. Let m = f - r. Is m prime?
False
Let d be (-49)/4 + (-4)/(-16). Is (5998/d)/(3/(-18)) prime?
True
Let y(l) = -195*l**2 - l - 10. Let u(z) = 194*z**2 + z + 10. Let w(x) = -2*u(x) - 3*y(x). Let j be w(3). Let t = -129 + j. Is t a composite number?
False
Let y = 17 - 13. Let i(h) = 2*h**3 - 5*h**2 + 5*h + 32. Let q be i(11). Suppose -5*p = -4*k - 453 + 2642, -y*p + q = 4*k. Is k a prime number?
True
Let d = -295434 + 429601. Is d prime?
False
Let v = -1125825 - -1633492. Is v prime?
True
Let q = 177 - 18. Suppose -3*r = -2*r - 76. Let o = q - r. Is o prime?
True
Suppose 7*n - 11*n - g = -3862, -2891 = -3*n + 2*g. Is n a prime number?
False
Let f = 201870 + 797. Is f composite?
False
Suppose w + 4 - 6 = 0. Suppose 5 = c, -w*d - 20 = 3*d - c. Is 1474 + (6 + d)*1 prime?
False
Let b = -63 + 77. Suppose 103410 = b*i - 19*i. Is i/(-14) - (3 + (-19)/7) a prime number?
False
Let h = 49 - 45. Suppose -h*o + 4*b = -32, -b + 11 + 23 = 5*o. Suppose 2360 = -o*d + 10221. Is d a composite number?
False
Suppose 3*t - h - 13 = 0, -t = 2*h - 0*h + 5. Suppose t*s - 27 = -15. Suppose 0 = s*u + u - 1085. Is u a composite number?
True
Let c be (-50)/(7 - 6865/980). Suppose 0 = 6*x - 22 - c. Is x a prime number?
True
Suppose 53 + 33 = 2*d. Let y = -25 + d. Is 3661/9 + 4/y composite?
True
Suppose 5*d - 10 = -2*x + 6*d, -3*d = -4*x + 20. Suppose 3*m + 1 = -3*p - 11, 3*m - x*p + 20 = 0. Is m/((-25)/15) - -1408 prime?
False
Suppose -3*p - 3*x + 9976 = -1655, -7754 = -2*p + 3*x. Is p prime?
True
Suppose 4*f - 2*w - 4554 = 5346, 7426 = 3*f - 2*w. Suppose 0*m - 5*m = -7250. Suppose -r + f = s, -r + 1025 + m = 2*s. Is r composite?
False
Let x = 647334 + -329857. Is x a prime number?
False
Let g be (-2 - 6/(-4))*(-41 + -5). Suppose -354 = -g*x + 20*x. Is x a composite number?
True
Is -5*8597*(-27)/135 a prime number?
True
Is (-30 - 191159)*(-2 + 1) a prime number?
True
Suppose -15*x = -18*x + 9, 4*i + 3*x = 28285. Is i a composite number?
False
Let y(v) = 259*v**3 - 6*v**2 - 10*v + 79. Is y(4) composite?
False
Let w(h) = 216215*h**2 + 13*h - 3. Is w(2) a composite number?
False
Let v be (-11)/((-1078)/504)*(-1918)/(-3). Let z = 1247 + v. Is z composite?
True
Suppose 0 = 4*f + 5*f - 8397. Suppose -3*z + 4*j = z + 1252, j - f = 3*z. Is -3 + 4 - 4 - z prime?
True
Let l(y) = -y**2 - 3*y + 4. Let i be l(-3). Let o be (-5*i/50)/((-1)/5). Suppose 4*m + o*s - 7213 = -s, 9 = 3*s. Is m composite?
False
Let a(j) = 8*j - 28. Let y be a(6). Suppose 2*q = y*q - 28746. Is q prime?
True
Let m be 58*((-36)/(-24) - (3 - 1)). Let c(f) = 41*f**2 + 5*f + 25. Is c(m) a prime number?
True
Is ((-8)/10)/(-2) - (8 - (-25953081)/(-35)) prime?
True
Let w(p) = -72*p**3 - 2*p**2 - 3*p - 24. Let q be w(-4). Let h = 7835 - q. Is h composite?
False
Let k = 23454 + 75389. Is k composite?
True
Let g = -7654 - -11133. Suppose -2674 = -3*j - z, z - 795 = 3*j - g. Is j a prime number?
False
Let s(j) be the first derivative of 2*j**3 - 14*j + 2 + 3/2*j**2. Is s(9) composite?
False
Suppose -16*p - 1550849 = -83*p. Is p composite?
True
Let w(o) = o + 7. Let t be w(-4). Suppose 15*b - t = 14*b. Is 89/(-5*b/(-165)) a composite number?
True
Is 1 - ((7 - 7) + -3 + -101413) prime?
False
Let l = -64012 + 241055. Is l a composite number?
False
Suppose 0 = -10792*b + 10779*b + 151541. Is b a composite number?
False
Let i(d) = -337*d - 195*d - 38 + 41. Is i(-11) prime?
False
Suppose -5*d + 3*h + 3298 = 0, d = -0*d - 4*h + 655. Let w = d - 250. Is w a prime number?
True
Is 4 - (-163787 - (28 + -8)) a prime number?
True
Let q(n) = -12 - 7*n**3 + 7*n**2 - 8 + 6*n**3 - 48*n - 5*n**3. Is q(-13) a composite number?
False
Let l(u) = u**2 + 13*u + 3. Let a be l(-13). Suppose 10*m = -a - 37. Is (-10937)/m - (-36)/48 prime?
False
Is (10 - 6) + (-821)/(-2)*58 prime?
True
Let b(u) = -14597*u + 797. Is b(-6) prime?
True
Let f(l) = -14*l - 18 + 14 - 21 - 2. Let q = 8 - 19. Is f(q) a composite number?
False
Is 49972 - (10 + (20 - -7)/(-3)) composite?
True
Let n(g) = g**2 + g - 11. Let d be n(-5). Let z(y) = 3450*y + 33. Let v be z(d). Is v/(-26)*(-4)/6 a prime number?
True
Let w = 100804 - 17101. Is w composite?
True
Let t = 0 + 2. Let p(h) = h**3 - 10*h**2 - 23*h - 8. Let n be p(12). Is ((t/3)/2)/(n/4476) composite?
False
Let z = 233 + -230. Suppose x = -2*x + 2*m + 41127, -z*m = 3*x - 41142. Is x a prime number?
True
Let g be (2 - 36)*(-2 - 1341/(-6)). Let o = -5222 - g. Suppose 0 = -b - 0*b + o. Is b a prime number?
True
Let m(w) = 2*w**2 - 13*w + 15. Let g = 13 - 9. Let r be m(g). Is ((6675/(-6))/r)/((-1)/(-2)) a composite number?
True
Let o be 5/((-15)/9) + 3. Suppose o = 19*t - 24687 - 23136. Is t a prime number?
False
Let m = -16018 + 40412. Is m composite?
True
Let k = -158802 - -229087. Is k prime?
False
Suppose 0*c - 4*q = c - 20, 5*q - 8 = 3*c. Suppose -2*k - 64909 = -5*x - 3*k, 12997 = x + c*k. Is x prime?
False
Is (-10*980381/(-950))/((-2)/(-10)) prime?
True
Suppose -3*g + 2*p = -78539, 76*p = 2*g + 79*p - 52355. Is g composite?
True
Suppose 0*y - 4 = 4*y, -3*y = -l + 7. Suppose 1 + l = -n, 3*c = n + 11. Is ((-1)/2)/(c/(-2116)) a composite number?
True
Let y(k) = 180*k + 1. Let v(t) = -180*t - 2. Let u(q) = 3*v(q) + 4*y(q). Let c be u(4). Suppose -4*m + 174 + c = 0. Is m prime?
True
Suppose -5*h + y = -9, -5*y + 2*y + 11 = 4*h. Suppose 5*p = -h*p - 2142. Let x = 653 - p. Is x prime?
False
Suppose 2*r = -3*c + 45761, c + 2*c - 45709 = 11*r. Is c composite?
True
Let n(g) = -g**2 - 20*g + 16. Let i be n(-20). Is 3/12 + ((-772660)/i)/(-7) a composite number?
False
Let f(s) be the third derivative of s**5/4 + s**4/6 - 7*s**3/3 - 2*s**2 - 14*s. Is f(-5) composite?
True
Let y be 0*(-4)/(-20) + 2355. Suppose -3*o + 591 + y = 0. Suppose -o = -3*r - n, 2*n = 3*r - 1073 + 76. Is r a composite number?
True
Let j(p) = -p**3 + 4*p**2 - 2*p - 2. Let n be j(2). Suppose -n*h + 74 = -28. Let c = h - 16. Is c a composite number?
True
Let k(b) = -b**3 + 6*b**2 + b - 25. Let d be k(5). Suppose -j - d*s = -1557, -5*j + 7689 = -0*j + s. Is j a prime number?
False
Let o be (0/2 - 0)/1. Suppose o = 4*t + 5*t - 54. Suppose -13*c + t*c + 9835 = 0. Is c prime?
False
Let p = -1869 + 12007. Suppose -2*j + 6747 = -f + 6*f, p = 3*j + 4*f. Is j prime?
False
Suppose -2*a = -2*z + 78910, 0 = -5*z - 3*a + 154709 + 42558. Is z composite?
True
Suppose -5*r - 2*g = -22, -r + 2*g - g = -10. Is -1 + r + (-27130)/(-5) composite?
False
Let g(q) = -15*q**2 + 16*q + 10. Let d be g(-10). Let n = 3361 + d. Is n a composite number?
True
Let y be ((-21)/(-5) - 3)/((-4)/(-10)). Suppose c + 2*b + 2 - 4 = 0, -2*c + y*b = -11. Let u(d) = 423*d + 1. Is u(c) composite?
False
Let i(l) = 258*l**2 - 13*l + 489. Is i(16) a prime number?
False
Suppose 4*c = 3*s + 592387, 5*s = -19 - 6. Is c a composite number?
True
Suppose d = l + 40424, -d - 3*l + 48660 - 8232 = 0. Suppose 7*u - d + 14140 = 0. Is u 